 + 5*t. Calculate the remainder when b is divided by r.
5
Suppose 0 = -2*d - 2*d - 20. Let y(r) = r + 3. Let n be y(d). What is the remainder when 11 is divided by 4 + -1*2 - n?
3
Suppose -2*l = 5*t - 28, -2*t = -5*l - 5*t + 51. What is the remainder when 14 is divided by l?
5
Let z(m) = m**2 - 8*m + 7. Let g be z(7). Suppose 3*n - 197 = -g*n - 2*t, 3*n - 200 = -5*t. Calculate the remainder when n is divided by 22.
21
Let p = -14 - -33. Suppose -w + 3*i = w - p, -i - 63 = -4*w. What is the remainder when 50 is divided by w?
16
Let q(a) = -a**3 + 11*a**2 - 9*a - 1. Let g be 59/6 + (-6)/(-36). Calculate the remainder when 44 is divided by q(g).
8
Suppose 0 = -3*g - 5*x + 199, -5*x = -4*x - 5. Calculate the remainder when g is divided by 15.
13
Suppose 0 = 5*k + 23 - 413. What is the remainder when k is divided by 40?
38
Let g = -3 + -6. What is the remainder when 40 + 3/(g/(-3)) is divided by 22?
19
Let i(p) = -p**3 - p + 4. Let z be i(0). What is the remainder when (-154)/(-6) + z/12 is divided by 9?
8
Suppose -o + 137 = 2*k, -3*o = -2*k - k - 384. What is the remainder when o is divided by 33?
32
Suppose 0 = 2*x + 2 - 12. What is the remainder when x is divided by 4?
1
Let z(y) = 3*y - 21. Calculate the remainder when 47 is divided by z(11).
11
Let n(c) = -c**3 - 5*c**2 - 2*c + 1. Let v be n(-2). What is the remainder when (-41)/2*(5 + v) is divided by 14?
13
Let i = 13 + -53. Calculate the remainder when 50 is divided by (34/8)/((-10)/i).
16
Let z(b) = -22*b + 2. Let l be z(1). Let a = -1 - l. Let q = 71 - 15. What is the remainder when q is divided by a?
18
Let b = 110 + -97. Suppose 78 = 5*t - 172. Calculate the remainder when t is divided by b.
11
Let u = 169 + -166. What is the remainder when 4 is divided by u?
1
Let a be (1 - 0)/(1/7). Let v be (96/(-10))/(4/(-20)). Suppose -5*z + a = -v. What is the remainder when 32 is divided by z?
10
Let f = 9 + -6. Suppose -79 - 68 = -f*j. Suppose -8*x + 77 = -59. What is the remainder when j is divided by x?
15
Suppose -u - 3*w + 37 = w, 0 = -4*u + w + 148. Calculate the remainder when 331 is divided by u.
35
Calculate the remainder when 53 is divided by (15 - 5) + (2 - 1).
9
Let r(v) = 8*v**2 + 12*v - 11. Let k be r(-10). Let w = -469 + k. Suppose -w = -5*z - 0. Calculate the remainder when z is divided by 14.
12
Suppose 40*l - 38*l - 20 = 0. What is the remainder when l is divided by 2?
0
Let h = -40 - -59. Let l(y) = -y - 3. Let v be l(6). Let z = 16 + v. What is the remainder when h is divided by z?
5
Let i(w) = w**2 + 10*w - 10. Let m(q) = q**2 - 1. What is the remainder when m(-2) is divided by i(1)?
0
Suppose 3*c = -2*o + 22, -5*o + 4*c + 4 + 5 = 0. Suppose 6*u - o*g = 3*u + 47, -2*g = -u + 17. What is the remainder when 169/9 - (-2)/u is divided by 7?
5
Let w = 83 - 62. What is the remainder when ((-3)/(-2))/((-12)/(-496)) is divided by w?
20
Let k(d) = 2*d**2 - 3*d - 1. What is the remainder when 8 is divided by k(-1)?
0
Suppose 4*m - m = 9. Let w = -8 + 13. Suppose w*r = 32 + m. Calculate the remainder when r is divided by 4.
3
Let y(q) = -3*q - 12. What is the remainder when y(-9) is divided by 9?
6
Let z(v) = v**3 + 16*v**2 - 2*v - 24. Let g be z(-16). Suppose -g*x + 3*x = -65. What is the remainder when 38 is divided by x?
12
Let i be (9/(-6))/((-1)/(-8)). Let u = i - -18. Calculate the remainder when 21 is divided by u.
3
Suppose -11*u = -15*u + 140. Calculate the remainder when u is divided by 9.
8
Let o(k) = 8*k - 16. What is the remainder when o(7) is divided by 7?
5
Suppose 3*h + 4*i = 74, 0 = 2*h - 2*i - 14 - 12. Calculate the remainder when 51 is divided by h.
15
Let x be (3 - 0) + 1/(-1). Suppose 0 = 5*m + 4*d - 67, -x*m - 2*d + 21 = -5. Calculate the remainder when m is divided by 8.
7
Suppose -4 = -5*g + m + 10, 0 = 3*g + 2*m - 11. Suppose 0 = 3*v + 2*q - 4*q - 32, -g*v = q - 29. What is the remainder when 27 is divided by v?
7
Let t be (-1 - -3)/((-4)/(-6)). Suppose 6*d = t*d + 36. What is the remainder when ((-35)/(-3))/((-3)/(-9)) is divided by d?
11
Suppose 4*l - 5 = 3. Let i = l - 2. Suppose i = 2*v - 22 - 16. What is the remainder when v is divided by 10?
9
Let h = 12 + 17. What is the remainder when 114 is divided by h?
27
Let l(n) = n**3 - 4*n**2 - n - 2. Let h be l(4). Let j(a) = -a**2 - 8*a + 5. What is the remainder when 50 is divided by j(h)?
16
Suppose 5*g = -3*w + 79, -5*w - 42 = -5*g + 13. Suppose -3*t + 54 = -t. Calculate the remainder when t is divided by g.
13
Let n = 108 + -38. What is the remainder when n is divided by 4?
2
Let u = 1 + -4. Suppose -t - 6 = -16. What is the remainder when (0 - 0) + (26 - u) is divided by t?
9
Suppose 2*g = -0*g + 4. What is the remainder when 5 is divided by 0 - -6*1/g?
2
Calculate the remainder when 51 is divided by (-4)/((50/65)/(-5)).
25
Suppose -7*c - 44 + 317 = 0. What is the remainder when c is divided by 23?
16
What is the remainder when 177 is divided by 1 + -4 + 115/5?
17
Let y(i) = -i**3 + 7*i**2 - 1. Calculate the remainder when y(3) is divided by 10.
5
Suppose 121 = 6*d - 113. Calculate the remainder when d is divided by 14.
11
Let q be -2 + 9 + 2 - -1. Let w = q - -8. Calculate the remainder when 35 is divided by w.
17
Suppose 4*l - l = 4*m + 605, 2*l = -m + 385. Suppose -5*g + l = b + 22, 0 = -5*g - 2*b + 176. Let r = -14 + g. Calculate the remainder when 39 is divided by r.
19
Let w(b) be the first derivative of 29*b**3/3 - 4. Suppose 0 = 5*i - 0*i - 75. What is the remainder when w(1) is divided by i?
14
Let v = -19 - -22. Calculate the remainder when (0 - -29) + (-8)/(-4) is divided by (v/(-12))/(2/(-136)).
14
Let q = -13 - -24. Calculate the remainder when q is divided by 6.
5
Let n(k) = -k**2 + 14*k + 16. Let l = 104 - 59. What is the remainder when l is divided by n(14)?
13
Let n be 4/6*3 + 1. Let t be 1/n - (-17)/3. Suppose 5*r - 4 - t = 0. Calculate the remainder when 4 is divided by r.
0
Suppose -4*y = -49 - 11. Let c(v) be the third derivative of v**5/30 + v**4/8 - v**3/6 - 2*v**2. Calculate the remainder when y is divided by c(-3).
7
Let u(p) = -p**3 - 11*p**2 - 11*p + 7. What is the remainder when u(-11) is divided by 26?
24
Suppose 2*g + 19 = 2*r - g, 2*g = -3*r - 4. Suppose r*n = n + 23. Suppose -16 = -2*f - 0. What is the remainder when n is divided by f?
7
Suppose -116 - 68 = 4*o. What is the remainder when o/(-3) - (-2)/(-6) is divided by 8?
7
Let i = -9 - -24. Let u = -89 - -131. Calculate the remainder when u is divided by i.
12
Suppose -k = -9*k + 80. What is the remainder when 25 is divided by k?
5
Let t(c) = 3*c**2 + 10*c - 9. Let l be t(7). Suppose 0 = 5*o - o - l. What is the remainder when o is divided by 6/12 - 70/(-4)?
16
Let a(z) = -z - 4. What is the remainder when 21 is divided by a(-10)?
3
Let s = 1 + 3. What is the remainder when 79 is divided by s?
3
Let o(n) = -n**2 - 8*n - 6. Let a be o(-5). Suppose a = -3*f + 6*f. What is the remainder when (-56)/(-6) + 4/6 is divided by f?
1
What is the remainder when 4*((-102)/(-4) - 4) is divided by 11?
9
Suppose 4 = 5*w - 5*p - 1, 0 = -w - 5*p + 1. Let n be (2/(-6))/(w/(-15)). Calculate the remainder when n - ((-1 - -1) + -2) is divided by 3.
1
Let j = -101 + 168. What is the remainder when 132 is divided by j?
65
Let y = 2 - -3. Suppose y*x = -f + 55, 4*x - x - f - 33 = 0. Calculate the remainder when 43 is divided by x.
10
Suppose 0 = 5*y - 10*y + 50. Calculate the remainder when 34 is divided by y.
4
Suppose -2*u - 3*f + 2 = 0, -14 = -u + 4*f + f. Suppose 5*v + 4*p = -0*p + 20, -4*v = u*p - 20. What is the remainder when v - (6/2 - 43) is divided by 21?
19
Let l(h) = h**2 + h. What is the remainder when 4 is divided by l(-2)?
0
Let r = -5 - -12. Let w(c) = -c**3 + 9*c**2 - 10*c + 9. Suppose 2*l = 2*b + b - 67, 13 = 2*b + 5*l. Calculate the remainder when w(r) is divided by b.
18
Let k(h) = -h**2 - 5*h - 1. Let s be k(-2). Suppose 1 = z - 4, s*z - 133 = -2*p. Calculate the remainder when p is divided by 19.
16
Suppose 5*i = z + 142, -3*z + 5*i - 275 - 151 = 0. Let r be z/(-6) - 1/(-3). Suppose r = 3*c - 33. Calculate the remainder when c is divided by 10.
9
Suppose 0 = -4*y + 12, 4*c + y - 4*y - 739 = 0. What is the remainder when c is divided by 38?
35
Let d = 46 - 40. Let y(l) = -80*l**3 + l**2 + 2*l + 1. Let z be y(-1). Suppose